ide 43516292?
False
Does 37 divide 1952697200?
True
Is 1337614447 a multiple of 4968?
False
Is 7 a factor of 76587669?
False
Does 386 divide 14875936?
False
Is 17885754 a multiple of 471?
True
Is 44109629 a multiple of 40?
False
Is 895917722 a multiple of 938?
False
Is 620811520 a multiple of 3590?
True
Does 18 divide 17618976?
True
Does 78 divide 26808678?
True
Is 15 a factor of 8038470?
True
Does 164 divide 2226082536?
True
Does 260 divide 765174733?
False
Is 177 a factor of 74557939?
False
Does 5 divide 755237031?
False
Is 9 a factor of 8899983?
True
Does 33 divide 67340229?
True
Is 1685 a factor of 63900466?
False
Does 1622 divide 2425250084?
True
Is 6445 a factor of 211325105?
True
Is 16606080 a multiple of 45?
True
Does 17 divide 113292455?
False
Is 70 a factor of 177902383?
False
Is 807337008 a multiple of 66?
False
Is 83606180 a multiple of 228?
False
Is 1026610786 a multiple of 5023?
True
Is 232012614 a multiple of 6?
True
Does 62 divide 81208533?
False
Is 72 a factor of 4029367608?
True
Is 17740084 a multiple of 10?
False
Does 7 divide 1186133933?
False
Is 119674588 a multiple of 25?
False
Does 195 divide 51294349?
False
Does 13 divide 426169315?
True
Is 208 a factor of 78179045?
False
Is 60 a factor of 5266728960?
True
Is 18 a factor of 1326222?
True
Is 389684242 a multiple of 239?
True
Does 102 divide 96608484?
True
Is 1599 a factor of 168606555?
True
Is 10 a factor of 1413808850?
True
Is 67008982 a multiple of 53?
False
Is 987 a factor of 25983952?
False
Is 9 a factor of 2733623?
False
Is 168559862 a multiple of 811?
True
Does 84 divide 84299589?
False
Does 485 divide 116992670?
True
Is 3283 a factor of 264708290?
True
Does 22 divide 43931123?
False
Is 4835259 a multiple of 1859?
True
Does 257 divide 169819207?
False
Does 51 divide 83933352?
True
Is 868924 a multiple of 14?
True
Does 1927 divide 1100393572?
False
Is 776579499 a multiple of 51?
True
Does 347 divide 292295774?
False
Is 625944088 a multiple of 28?
True
Is 14826888 a multiple of 486?
True
Is 2219 a factor of 6280534322?
False
Does 5 divide 5967725?
True
Does 153 divide 38108934?
True
Does 8 divide 921050760?
True
Is 531781761 a multiple of 18?
False
Is 57 a factor of 14069546?
False
Does 1578 divide 65542230?
True
Does 39 divide 53182974?
True
Does 84 divide 9869857?
False
Does 492 divide 56088?
True
Is 61226815 a multiple of 93?
False
Is 2169836 a multiple of 457?
True
Is 1930 a factor of 14746885?
False
Is 417 a factor of 15290973?
True
Is 205 a factor of 3042391060?
True
Does 228 divide 69204300?
False
Is 1771562633 a multiple of 141?
False
Does 26 divide 2286580790?
True
Does 268 divide 45778204?
False
Does 18 divide 2085822?
True
Does 2822 divide 68326264?
True
Is 49 a factor of 14244496?
True
Does 204 divide 471572150?
False
Does 111 divide 211203778?
False
Does 27 divide 350372898?
True
Is 1914 a factor of 192376921?
False
Is 90 a factor of 17848516?
False
Does 3224 divide 1049644609?
False
Is 918093348 a multiple of 1908?
True
Does 19 divide 2759137756?
False
Does 46 divide 4086961480?
False
Does 421 divide 123200087?
False
Is 335 a factor of 9123468?
False
Is 159 a factor of 23109060?
True
Is 49 a factor of 414333310?
False
Is 39230776 a multiple of 29?
False
Does 7 divide 39477119?
False
Is 208 a factor of 21310059?
False
Does 721 divide 15602593?
False
Is 330030961 a multiple of 548?
False
Is 129884206 a multiple of 127?
False
Does 20 divide 144794900?
True
Is 45034943 a multiple of 61?
False
Does 23 divide 1411308852?
False
Is 373 a factor of 14182206?
True
Is 1241392670 a multiple of 404?
False
Does 34 divide 847006164?
True
Does 26 divide 286931858?
False
Does 79 divide 17407808?
True
Does 31 divide 264831636?
True
Is 16 a factor of 2821095?
False
Is 2833 a factor of 2159570403?
True
Does 287 divide 1201382?
True
Is 1563 a factor of 22402479?
True
Is 16 a factor of 316336802?
False
Is 35 a factor of 1742974871?
False
Is 185 a factor of 56669015?
True
Is 9632205 a multiple of 87?
True
Is 56 a factor of 2240363745?
False
Is 15023106 a multiple of 2?
True
Is 278660780 a multiple of 5801?
False
Does 936 divide 348736544?
False
Does 2024 divide 420868536?
True
Is 432051171 a multiple of 5818?
False
Does 745 divide 19606910?
True
Is 6766 a factor of 2483473832?
True
Is 44 a factor of 14073796?
True
Does 17 divide 102938725?
False
Is 411350616 a multiple of 1164?
True
Is 870 a factor of 211932538?
False
Does 10 divide 71325080?
True
Is 103 a factor of 375129080?
False
Is 65 a factor of 359805355?
True
Does 46 divide 41559361?
False
Is 60 a factor of 31612680?
True
Is 274 a factor of 2964895?
False
Does 956 divide 47452016?
True
Is 57616944 a multiple of 1617?
True
Is 77 a factor of 157192188?
False
Does 10 divide 7031650?
True
Does 8 divide 25353964?
False
Is 862597620 a multiple of 45?
True
Does 5 divide 2755270?
True
Is 15826 a factor of 89644410?
False
Is 1871302260 a multiple of 40?
False
Is 6088 a factor of 160469920?
False
Is 91 a factor of 244326670?
False
Is 25903710 a multiple of 1590?
False
Is 15868709 a multiple of 1944?
False
Is 34 a factor of 352213101?
False
Is 5880179 a multiple of 6?
False
Is 19 a factor of 224136692?
True
Is 861805218 a multiple of 79?
False
Is 202613916 a multiple of 4139?
False
Is 962309480 a multiple of 22?
True
Is 905175631 a multiple of 430?
False
Is 143612803 a multiple of 1964?
False
Is 92934835 a multiple of 119?
True
Is 76 a factor of 25467247?
False
Does 342 divide 40077954?
True
Is 331 a factor of 1486735392?
False
Is 1065 a factor of 542709505?
False
Does 15 divide 185065816?
False
Is 112303045 a multiple of 449?
False
Is 250542624 a multiple of 887?
False
Is 46167427 a multiple of 164?
False
Is 7922 a factor of 739773864?
False
Does 697 divide 14291888?
False
Does 5 divide 378995145?
True
Is 22 a factor of 126595722?
True
Is 51 a factor of 166463184?
True
Is 258 a factor of 8482708?
False
Does 3958 divide 111342719?
False
Is 2655565 a multiple of 8?
False
Is 883557342 a multiple of 342?
True
Does 110 divide 24610410?
True
Is 48616275 a multiple of 1104?
False
Is 1384018484 a multiple of 17?
True
Is 5 a factor of 48852809?
False
Does 1767 divide 58438224?
True
Does 23 divide 17541203?
True
Does 6 divide 299858904?
True
Is 215 a factor of 38391817?
False
Does 15 divide 20969025?
True
Is 11 a factor of 20721239?
True
Does 66 divide 6419292?
True
Is 32874795 a multiple of 2474?
False
Does 23 divide 201801915?
False
Is 42 a factor of 279832789?
False
Is 7719 a factor of 3707497452?
True
Is 12303955 a multiple of 28?
False
Is 16 a factor of 1765264960?
True
Does 9 divide 50879331?
True
Is 301882628 a multiple of 1318?
True
Is 25 a factor of 9478375?
True
Is 557 a factor of 18159613?
False
Is 109 a factor of 392973885?
True
Is 179 a factor of 25717108?
False
Is 29002800 a multiple of 27?
False
Is 5961536 a multiple of 32?
True
Does 78 divide 3328901940?
True
Does 1368 divide 113408568?
True
Does 34 divide 109344331?
False
Is 1304492320 a multiple of 35?
False
Does 12 divide 121391307?
False
Is 257499540 a multiple of 18?
True
Is 21567966 a multiple of 518?
True
Is 56 a factor of 9118984?
True
Is 91 a factor of 114481731?
True
Is 92 a factor of 215913512?
True
Is 1140014803 a multiple of 17?
False
Does 19 divide 14549098?
True
Is 1707861 a multiple of 3?
True
Is 1014 a factor of 132475015?
False
Is 14 a factor of 77494672?
False
Is 93911400 a multiple of 3740?
True
Is 107 a factor of 12334944?
False
Is 16 a factor of 184155152?
True
Does 9 divide 25891515?
True
Does 11 divide 2028244630?
False
Is 149741574 a multiple of 524?
False
Does 2703 divide 514559298?
True
Does 21 divide 74325132?
True
Is 2466 a factor of 49739220?
True
Is 307 a factor of 52291595?
False
Is 68 a factor of 1384485304?
True
Is 67150758 a multiple of 2?
True
Is 592068905 a multiple of 13?
False
Is 758488872 a multiple of 37?
False
Is 16 a factor of 312204844?
False
Does 137 divide 1360363?
False
Does 26 divide 195495950?
True
Does 334 divide 9138439?
False
Is 1876512883 a multiple of 1108?
False
Does 3 divide 498277151?
False
Does 47 divide 86234873?
False
Is 10 a factor of 95836123?
False
Does 62 divide 7001102?
True
Does 57 divide 32374665?
False
Is 279244818 a multiple of 18?
True
Is 130969842 a multiple of 1066?
False
Is 58121820 a multiple of